t the prime factors of 8/28 + -2*3945/(-70).
113
Suppose 5095 - 424 = 27*z. List the prime factors of z.
173
Let b(z) = -3*z**3 - z**2 - 4*z + 1. Let n be b(-3). Suppose -t = -2*u + n, 5*t + u + 413 = 5*u. What are the prime factors of (-4032)/t + 4/18?
2, 5
Let u be (384/80)/(2/125). Suppose 16*h = 6*h + u. List the prime factors of h.
2, 3, 5
Let m(o) = -5 - 4*o + 1 - 10. List the prime factors of m(-10).
2, 13
Let w be -4 + (-5295)/(-20) - (-1)/4. Suppose 12*o - 1395 - w = 0. List the prime factors of o.
2, 3, 23
Let t(m) = -25*m**3 + m - 1. Let i be t(1). Let o be 5/i + (-251)/(-5). What are the prime factors of o/1 + -3 + -1?
2, 23
Let u(d) = 2*d - 3. Let l be u(3). Suppose 3*t = 4*t - 63. Suppose l*a + 0*a = t. List the prime factors of a.
3, 7
Suppose 285*g = 277*g + 800. What are the prime factors of g?
2, 5
Suppose 4*r - 4*k = 940, -931 = -5*r + 4*k + 243. What are the prime factors of r - 2/6*-3?
5, 47
Let j(i) = -i**3 + 3*i**2 - 6*i + 6. Let x be j(3). Let k(w) = -15*w - 45. What are the prime factors of k(x)?
3, 5
Let d be 2*1*-1*30/(-12). Suppose -g + 130 = d*j - 88, -5*g = 10. List the prime factors of j.
2, 11
Let i be 20/3*27/18. Suppose i*h = 9*h + 74. List the prime factors of h.
2, 37
Let d be (12/(-10))/((-6)/20). Let c(s) = 5 + 0*s + d*s - 5*s + 5*s + 3*s**2. List the prime factors of c(-3).
2, 5
Let k = -12 + 5. List the prime factors of (-3)/k - 2216/(-56).
2, 5
Suppose 9*r - 4889 = 7*r + 5*i, -4916 = -2*r - 4*i. What are the prime factors of r?
2, 613
Let o = 2491 + -896. List the prime factors of o.
5, 11, 29
Suppose 3*n - 15 = -0*n - 2*j, 2*n + 4*j = 18. Suppose 0 = -g + n*g. Suppose -2*w - 2*m - 2 = g, -5*w + 2*w + 3*m + 15 = 0. List the prime factors of w.
2
Let y(a) = a**3 + 2*a**2 - 2. Let o be y(-3). Suppose 33 = -r + 9. Let g = o - r. List the prime factors of g.
13
Suppose 9 - 11 = -2*d, 2*d = -5*j + 10167. What are the prime factors of j?
19, 107
Let j(y) = -242*y**2 + 1. Let n be j(-1). Let m = -166 - n. Suppose -m = 3*k - 8*k. What are the prime factors of k?
3, 5
Let q = -137 - -241. Let x = -49 + 54. Suppose w + q = x*w. List the prime factors of w.
2, 13
Let h(y) = 2*y**2 + 6*y - 15. Suppose 12 = -2*v - 2. What are the prime factors of h(v)?
41
Let o(t) = -78*t + 15. Let d be o(-7). List the prime factors of (-2)/4 + d/6.
3, 31
Let p(g) = g**3 - 12*g**2 + g. Suppose 3*q + 2 = 8. Suppose 38 - q = 3*n. List the prime factors of p(n).
2, 3
Suppose 4*r + 7 = 23. What are the prime factors of (1/r)/((-5)/(-1660))?
83
Suppose -b + 30 = -17. Suppose 4*k + 2*g = -b + 437, -2*k + 4*g + 190 = 0. List the prime factors of k.
97
Let v = 50 + -71. What are the prime factors of 70/15*(-270)/v?
2, 3, 5
Suppose 979 = 2*g + 5*s, -5*g - 4*s = -287 - 2135. List the prime factors of g.
2, 241
Let f be (-5 + 4 + 9)*4. Let z = -14 + f. What are the prime factors of 2/(-3) - (-894)/z?
7
Suppose 5*u = 2*r + 25, -8*r + 4*r - 32 = -4*u. Suppose 7 + 378 = 2*i - n, 3*i - u*n = 576. List the prime factors of i.
193
Suppose -5*d + 50 = 5*g, -5*g - 5*d + 10*d + 20 = 0. Suppose -g*k - 160 + 909 = 0. List the prime factors of k.
107
Let j(l) = -l + 6. Let y be j(6). Suppose y = -37*b + 38*b - 13. What are the prime factors of b?
13
List the prime factors of (786/(-24))/((-5)/100).
5, 131
Let b = -21 - -8. Let g(x) = -5*x**3 - 13*x**2 + 3*x - 6. Let u(y) = 4*y**3 + 13*y**2 - 2*y + 7. Let i(l) = -3*g(l) - 4*u(l). List the prime factors of i(b).
3
Suppose 0 = 3*i - 2*v - 57, 0 = -2*i - 2*i + 4*v + 76. Let b = i + -13. What are the prime factors of (-3)/4*(b - 42)?
3
Suppose -5*g = -2*f - 21, 0*f + 10 = -5*f + 4*g. What are the prime factors of (3042/36)/((f/4)/1)?
13
Suppose 109 = -3*y + 448. Let w = y - 37. What are the prime factors of w?
2, 19
List the prime factors of (-3)/(-12)*-12*1366/(-6).
683
Let k = -18 + 17. Let d be 0 - -2 - -1 - k. List the prime factors of d/(-30) - (-1644)/180.
3
Suppose -4*j + 13 = -7. Suppose j*g - 8*g + 12 = 0. List the prime factors of g.
2
Let f(d) = -d**3 - 16*d**2 - 4*d + 64. What are the prime factors of f(-18)?
2, 7
Let k be 10/(-3)*(-234)/4. Suppose -160*h + 157*h = 0. Suppose -q - 4*q + k = h. What are the prime factors of q?
3, 13
Suppose 4*m - 7*m + 3*b = -6537, 0 = -3*m - b + 6549. What are the prime factors of m?
2, 1091
What are the prime factors of (-7)/(63/(-117)) - -2079?
2, 523
Let s(l) = 5*l**2 - 15*l + 33. Let h(v) = -24*v**2 + 76*v - 166. Let z(r) = 2*h(r) + 11*s(r). List the prime factors of z(6).
5, 41
Let q = -42 + 27. Let k = 28 - q. List the prime factors of k.
43
Let p = 4511 + -3216. What are the prime factors of p?
5, 7, 37
Let b(v) = 9*v**3 - 6*v**3 - 2*v**3 + v**2 + 31. Let h be b(0). Let o = 57 - h. List the prime factors of o.
2, 13
Suppose 56 = -8*s + 6*s. Let b be (-8)/s - (-8)/(-28). Suppose b = -2*m - 2*m + 120. List the prime factors of m.
2, 3, 5
Let p be (-12)/(-9) + 2/(-6). Let w(x) = x**3 - x + 1. Let q be w(p). List the prime factors of (q - 3/(-9))*24.
2
Suppose 0 = 4*m + 5*o - 142, 4*m - 6*o = -4*o + 128. Suppose r = -4*f - 106, 3*f + r + 42 + 38 = 0. Let u = f + m. List the prime factors of u.
7
Let y be 4/8*6/3. Suppose 0 = n - 2 - y. Suppose -4*x + 66 = n*a - 5*x, 0 = a + 3*x - 12. List the prime factors of a.
3, 7
Suppose 0 = -4*w + 6*w + 220. Let j be (-3)/21 - w/35. What are the prime factors of -3 - (-6)/(j - 2)?
3
What are the prime factors of (396/330)/((8/(-810))/(-2))?
3
Let i(j) = -3*j**3 + 6*j**2 - 1. Let a be i(4). Let x = a + 49. Let q = x + 86. List the prime factors of q.
2, 19
Let m(r) = 525*r**3 + 10*r**2 - 11*r + 8. List the prime factors of m(2).
2, 2113
Let f(l) = -30*l + 9. Let x be f(8). Let b = 411 + x. What are the prime factors of b?
2, 3, 5
Let g = -2 + 4. Suppose -g*o = -4*o - 4*v - 2, -13 = -2*o + v. Suppose -6 = j + o*a, -3*j - 4*a - 30 = -4*j. List the prime factors of j.
2, 7
Let q = 63 - -472. List the prime factors of q.
5, 107
Suppose -w = 5*n + 75, -2*w = -0*n + 4*n + 60. What are the prime factors of n/25 + (-1436)/(-10)?
11, 13
Let m(t) be the second derivative of -t**3/6 + t**2/2 - 3*t. Suppose -3*u - o - 15 = 9, -3*o = 4*u + 37. List the prime factors of m(u).
2
List the prime factors of 17/((-765)/(-28840)) + 1/9.
641
Suppose 4*k + 2*x - 78 = 0, k - 6*x + x = 36. Suppose k = -4*o + 7*o. Suppose -w = -o + 3. List the prime factors of w.
2
Let v(d) = 82*d + 1. Let t(w) = w**3 - 7*w**2 + w - 5. Let m be t(7). What are the prime factors of v(m)?
3, 5, 11
Let y(l) = -327*l**3 - 6*l**2 + 7*l - 2. Let k be y(1). Let j = k + 550. What are the prime factors of j?
2, 3, 37
Let x(w) be the second derivative of w**3/3 + 11*w**2 + 22*w. What are the prime factors of x(9)?
2, 5
Let r = 1128 - 683. Suppose 0 = -o - 4*c + 73, c = 5*o + 5*c - r. What are the prime factors of o?
3, 31
Let f = -19 - -23. Suppose -4 = x, 582 - 103 = -3*y + f*x. Let m = -116 - y. What are the prime factors of m?
7
Let x(h) = -3424*h - 148. What are the prime factors of x(-1)?
2, 3, 7, 13
Let r(x) = 4*x**3 - 8*x**2 - 9*x - 3. Suppose 8*t - 15 = 5*t. Let d(q) = 3*q**3 - 7*q**2 - 8*q - 3. Let z(m) = t*d(m) - 4*r(m). List the prime factors of z(-3).
3
Let n be (-9 + -2)/(-1 - 0). Let s(j) = -11*j**2 + 419 + j**3 - 429 + 4*j - j. What are the prime factors of s(n)?
23
What are the prime factors of 4*(-4)/48*-1263?
421
Let g = 20 + -12. Suppose 0 = 3*r + 2*j + 8, -3*j + 0 = 3. Let o = g + r. List the prime factors of o.
2, 3
Let f be 1 + -4 - (-2)/2. Let l(u) = u**3 + 6*u**2 + 2*u - 2. Let w be l(f). Suppose -7*x = -w*x + 45. List the prime factors of x.
3, 5
Let j(b) = 11*b - 5. Let i be j(1). Suppose -i*w + 16 + 560 = 0. List the prime factors of w.
2, 3
Let j = 31 - 31. Suppose -5*y + 3*c + c + 227 = j, -2*c + 239 = 5*y. List the prime factors of y.
47
Suppose -8*j + 3223 = -441. List the prime factors of j.
2, 229
Suppose 9*k = 26398 + 5750. List the prime factors of k.
2, 19, 47
Let j(b) = -b + 10. Let a be j(10). Suppose k + k - 322 = a. Suppose -5*w = 2*c - k, 2*c = -w - 0*c + 29. What are the prime factors of w?
3, 11
Suppose 0 = 3*m + 5*q + 1204, -7*m + 2*m + 2*q - 1986 = 0. Let l = -150 - m. What are the prime factors of l?
2, 31
Suppose 0 = 9*l - 17 - 10. Suppose -a + c + 74 = -2*c, c - l = 0. List the prime factors of a.
83
Let a(n) = -3*n + 33. Le